112348*j + 55. Is l(-1) a composite number?
False
Let z be 18/(-4) - 6/(-12). Let b(o) = -2*o**3 + 5*o**2 + 4*o + 1. Let f be b(z). Let a = f + -78. Is a composite?
True
Suppose -4*z - 5*h = 1503 - 4890, 0 = -z + 3*h + 868. Suppose 2*j - z = 1781. Is j prime?
False
Is (8/16)/(2/1324) a prime number?
True
Suppose -4*y - 3*w + 23977 = y, y - 5*w - 4801 = 0. Suppose 0*c = -4*c + y. Suppose 4*h + 0*a = a + c, 4*h + 3*a - 1187 = 0. Is h a composite number?
True
Let y(q) be the third derivative of 0*q + 7/6*q**3 + 0 + 29/24*q**4 - 2*q**2 - 1/60*q**5. Is y(12) a prime number?
True
Suppose 2088 = -5*n + 11093. Suppose 0 = -5*v + 6*v - n. Is v prime?
True
Let a be 8/(-2)*(-1582)/(-8). Let h = a + 1470. Is h prime?
False
Suppose -2*i + 6*h + 606 = h, -h = -5*i + 1515. Suppose 3*y + v + 93 = 974, y - 2*v = i. Is y a composite number?
True
Let k = 33 - 21. Suppose -f = 3*f + k. Is f*4/(8/(-22)) composite?
True
Let x(z) = -2501*z**3 + z**2 + 13*z + 28. Is x(-2) a prime number?
False
Let o be (-3 + 4)*4 + 32. Suppose 168 = 4*j + o. Is j a composite number?
True
Let w(y) = -3242*y - 449. Is w(-5) a prime number?
True
Let a = -41 + 76. Let y = 40 + -28. Let r = a + y. Is r composite?
False
Suppose -3*p + 6*p + 1314 = 0. Let h = 991 + p. Let y = h + -302. Is y prime?
True
Suppose -9 = -s - 6. Suppose -12 = -0*y - y + 4*a, y + s*a = 26. Suppose y = 5*w, -w = -4*p + 118 + 114. Is p composite?
False
Suppose 25678 = 3*p + 2389. Is p prime?
False
Let x(t) = -2*t - 4 + 3 + 3*t**2 - 14 + 7*t. Is x(-10) prime?
False
Let n(a) = -330*a - 3. Let b be n(-7). Suppose 5*i - b - 558 = 0. Suppose -k - 2*k + i = 0. Is k composite?
False
Let o(f) = f. Let s(i) = 7*i. Let v(w) = 39*o(w) - 6*s(w). Let t be v(-4). Is (-347)/2*t/(-6) prime?
True
Let j(c) = -9*c - 12*c + 22*c + 5*c**2. Let f be j(2). Let u = 12 + f. Is u a prime number?
False
Let c(s) = -3*s**3 - s**2 + 4*s + 1. Suppose 2*z + 2*k + 14 = 0, -2*k - 13 = -3. Let i be c(z). Let o = 34 - i. Is o a composite number?
True
Suppose 8752 = 4*o - 26500. Suppose -3*t = 4*t - o. Is t composite?
False
Let v(z) = -643*z - 27. Let y be 8/(-1*8/4). Is v(y) prime?
False
Suppose 5*n - 1409 = -l + 412, 3*l - 5383 = 5*n. Is l a composite number?
False
Let a(s) = -1583*s + 23. Is a(-6) a prime number?
True
Suppose 5046 = -q + 18173. Is q a prime number?
True
Let b(w) = w**2 + 4. Let t be b(3). Let j = t + -10. Suppose 0*d + d = 4*f - 520, -j*d + 12 = 0. Is f prime?
True
Is (4677/2)/((-219)/(-146)) a prime number?
True
Let w = 93404 - 853. Is w composite?
False
Suppose -2*l = l + 24. Let g = l - -13. Suppose 260 = 4*x - 2*h, 0*x + 47 = x - g*h. Is x a composite number?
False
Suppose -10*y + 11*y = 174. Suppose 8*m - y = 5*m. Is m prime?
False
Suppose 0 = 3*t - 3*z + 354, -t - 3*t - 2*z = 478. Let r = -435 - t. Let f = 443 + r. Is f a composite number?
False
Let l(j) = -j**2 + j - 7. Let q be l(0). Let b be (-6)/(-2) + q + 7. Is 4/b + (-2345)/(-21) a composite number?
False
Let y = 32 - 25. Suppose -162 = -y*p + 8*p. Let g = -71 - p. Is g a composite number?
True
Suppose 4481 = 2*n - 957. Is n a composite number?
False
Is ((-305396)/(-104))/((-2)/(-4)) a prime number?
False
Let o be (-2)/(-3) + (-63955)/15. Let l = o + 2802. Is ((-16)/12 + 1)*l composite?
False
Let z = 14 + -17. Let k be 0*(-3 + z + 5). Suppose -p + 2*p + 5*b - 822 = k, 0 = 5*p - 4*b - 3965. Is p composite?
False
Suppose 147 = 5*p - 363. Suppose 4*o + 104 = 116. Suppose p = o*d - d. Is d a prime number?
False
Let l(w) = -w**2 + 4*w + 3. Let a be l(4). Suppose -a*d - 2*z + 1071 = 0, 4*d + 5*z - 1071 = d. Suppose -276 - d = -5*q - t, q - 2*t - 131 = 0. Is q composite?
False
Let k = 64 + -62. Suppose 2*o + 3763 = 5*c, 2*o = k*c - 2*o - 1502. Is c a prime number?
False
Let j(a) = 5*a + 9 - 6*a + 3*a. Let m be j(4). Suppose 0 = -4*u + 35 + m. Is u composite?
False
Let h be (-10)/(-25) - (-1872)/(-5). Let q = h + 787. Is q a composite number?
True
Let y(g) = -37*g - 30. Let c = -33 - -19. Let m be y(c). Suppose -r + m = 19. Is r a prime number?
False
Is 3590 + -1 + (-35 - -39) composite?
False
Suppose -5*s + 2*d = -45897, 21*d = 5*s + 25*d - 45891. Is s prime?
False
Let u = 216 + -29. Suppose 2*z - u - 5739 = 0. Is z prime?
True
Suppose 7*v = v - 3*v. Is 12/36*(669 + v) prime?
True
Suppose 2*t + 3*t - 15 = 0, -4*g - t = -11. Suppose -k = g*o - 223 - 231, 5*k = 2*o + 2330. Let s = k + -227. Is s a composite number?
True
Let x = -825 + 1310. Suppose 2*a = 7*a - x. Is a prime?
True
Suppose -3*q = q + 104. Let c = -23 - q. Suppose c*n - 2315 = 238. Is n a composite number?
True
Suppose -p + 30765 = 4*b, -b - 65334 = -2*p - 3822. Is p a prime number?
True
Suppose -2*x + 5247 = -5*h + 4*h, 5*h = -25. Suppose 11*l - 2636 = 8*l - u, 2*u = 3*l - x. Is l a composite number?
False
Suppose 3*k + 106 = -4*r + 5*k, 5*r = -k - 150. Let d = r - -33. Suppose 5*u - 2*g - 892 = 0, 0 = 4*u - d*g + 108 - 824. Is u prime?
False
Suppose -27*f = -23*f - 12. Suppose 4*n - 436 - 215 = d, -f*d + 492 = 3*n. Is n a composite number?
False
Let z(i) = -i**3 + 3. Let k be z(0). Is 472 - (4 - (-2 + k)) composite?
True
Suppose 4*s = 10 + 2. Suppose -f - c = -4*f + 773, 3*f + s*c - 789 = 0. Is f composite?
True
Is (-2 - -6)/((-68)/(-186643)) composite?
False
Let p be ((-4)/(-10))/(28/980). Let y(o) = o**2 - 3*o - 5. Is y(p) a prime number?
True
Let d(s) = 14490*s**3 - s**2 + s - 1. Is d(1) composite?
False
Let s = -1 - 1. Is -1*(-1676)/(-8)*s composite?
False
Let d be 4/(7/((-84)/(-8))). Suppose -d*g = -2*g - 13164. Is g prime?
False
Suppose 0 = -3*f + 2*p + 16, 0 = 4*f + 3*p - 10. Suppose a - f + 0 = 0. Suppose -a*r = -5*r + 69. Is r a prime number?
False
Suppose -8*h + 8 = -6*h. Let i(l) = 143*l**2 + 2*l - 9. Is i(h) a composite number?
False
Suppose -2 = x, 5*w + 0*x - 17561 = 3*x. Is w prime?
True
Let p(j) = 50*j**2 - 12*j - 40. Let w be p(-10). Suppose -4*c - 4*c + w = 0. Is c composite?
True
Let z(u) be the second derivative of u**4/6 + 2*u**3/3 - u**2 - 17*u. Is z(2) composite?
True
Suppose -4*j - 2*o + 300 = 0, 3*j + 2*o - 239 = -3*o. Suppose -j*q = -74*q + 649. Is q a composite number?
True
Suppose 5*w - 3*b - 2221 - 5999 = 0, -4928 = -3*w + b. Is w prime?
False
Let t be 10/50 + (-1064)/(-5). Suppose -t = 3*c - 684. Is c a composite number?
False
Let c(j) = 12*j**2 + 4*j - 4. Let v(n) = -1. Let s(y) = c(y) - 3*v(y). Let g be s(7). Suppose w - 3*q = -2*w + g, -q = 2. Is w prime?
False
Suppose -2*m - 5*s = -28054, 288*m - 2*s = 285*m + 42043. Is m composite?
True
Let a(c) = -50*c + 7. Let z be 7 + -1 - (1 + 2). Suppose -z*i - 7 = 11. Is a(i) composite?
False
Let i(f) = -232*f + 1. Let y be i(1). Let o(b) = -b**3 - 14*b**2 - 28*b - 31. Let j be o(-11). Let m = j - y. Is m composite?
True
Suppose -2*o + 5*t = -11016, o + 0*t = 5*t + 5498. Is (-6)/(-33) + o/22 a composite number?
False
Let f(l) = 4*l**2 - l - 11. Let s be f(6). Suppose s = t - 112. Let u = t - 82. Is u a composite number?
False
Suppose -26*p = -572181 - 297701. Is p a composite number?
False
Suppose 19 = 3*y + 4*r, 2*y - 8 = 2*r - 0*r. Suppose a - 642 = -5*w, -264 = -y*w + 3*w - 4*a. Suppose 756 - w = 4*h. Is h a composite number?
False
Suppose 4*l + 13 - 121 = -x, -4*x + 458 = 3*l. Suppose 2*u - x = 38. Is u prime?
False
Suppose 0 = -3*h + 352 + 1889. Let r = h - -388. Let a = r + -144. Is a a prime number?
True
Suppose -12*s = -8*s - 1052. Suppose -s = -2*r + 351. Is r a composite number?
False
Let p(o) = 5188*o + 3. Is p(1) composite?
True
Is ((-6)/(108/(-66)))/(2/2406) a prime number?
False
Let s(r) = 36*r**3. Let a be s(2). Let n be ((-5)/(-2) - 3)/((-5)/30). Suppose -n*i - 2*v + 63 + a = 0, i - 127 = -4*v. Is i composite?
True
Let g(s) = 228*s**2 - 6*s - 1. Suppose -6*y - 7 = -5*y - 4*c, -3*c = 2*y - 19. Is g(y) a prime number?
True
Is (-3)/((-3)/1556) - (-103 + 100) composite?
False
Let x = 106 - 101. Let r(c) = 44*c**2 - c + 6. Is r(x) a prime number?
False
Suppose 61179 = v + 2*j, v + 19*j - 20*j - 61164 = 0. Is v prime?
True
Let j be 5 + -2 + 14 + -2. Let d be 216*(-1 + j/6). Suppose -3*k = -3*v - 54 + d, v = -3*k + 106. Is v prime?
False
Suppose 3*b - 2*y - 1636 = 1608, y - 1083 = -b. Is b prime?
False
Let m = 49866 - 33907. Is m a prime number?
True
Let y(d) = -d**2 - 11*d - 19. Let b be y(-8). Suppose -5*s = -4*q + 802, -3*s